5*m + 288188 = -p. Is m prime?
True
Let s be 0 - (1 + -2 - -104). Suppose -11*f + 706 = -1406. Let m = s + f. Is m a composite number?
False
Let n be 22/(-99) + 1750/18. Suppose -90*f + n*f = 61943. Is f prime?
True
Is (395 + 18)*234 + (1 - 0) prime?
True
Suppose 20*z - 1410 = 18*z. Suppose -4*c = -c + 2*m - 528, 4*c = -3*m + z. Suppose -2*g = 4*t - c, -3*g - 4*t + 202 + 51 = 0. Is g prime?
True
Let q(l) = 2742 - 2737 + 1424*l**2 + l + 4*l. Is q(2) a composite number?
False
Let k = -193292 + 271171. Is k a composite number?
True
Let w be (-4)/(-6) + -110*(-1)/6. Suppose 22*u - 24 = w*u. Suppose 0 = u*l + l - 5715. Is l prime?
False
Let a(i) = -3*i**3 + 2*i**2 + 101*i + 83. Is a(-58) prime?
False
Let j be (75 + -77)*((-3)/2)/3. Is (-310 + 0 + j)*55/(-33) a composite number?
True
Suppose 5*l - 43 = -23. Let i(u) = -88*u + 6. Let q be i(-5). Suppose -l*f + 878 = -q. Is f composite?
False
Suppose 5*s = 3*v - 179759, -3*v + 153212 + 26577 = s. Suppose 74901 = 5*i + 4*r, 4*r + v = 3*i + i. Is i composite?
True
Let y be (6561/(-12))/3 + (-1)/(-4). Let x = 2361 + y. Is x composite?
False
Let m(w) be the first derivative of 207*w**2 + 39*w + 54. Is m(8) a prime number?
False
Let r(u) = 963*u + 25. Suppose -3*w = -0 - 18. Is r(w) a composite number?
True
Let j(d) = 76*d**2 - 31*d - 460. Is j(-13) composite?
True
Let z = -409 - 2462. Let t = -697 - z. Is t composite?
True
Let c(h) = 179*h**2 + 39*h - 987. Is c(-47) a prime number?
False
Suppose 2*d = -5*g + 6*d + 8, -2*d = 3*g - 18. Suppose 2*s + 8226 = 2*i, 16472 = g*i + 8*s - 7*s. Is i composite?
True
Suppose 2*m = -0 + 4. Suppose -10*y - 408 + 1958 = 0. Suppose m*b - y = 1359. Is b a prime number?
True
Suppose -31 = 2*t - 33, j - 5*t - 36162 = 0. Is j prime?
False
Let b(x) = -x**2 + 23*x - 15. Let s be 1*57/15 + 3/15. Suppose h - 21 = -s. Is b(h) a composite number?
True
Suppose 0*o = -3*v - 4*o + 3, -v + 5*o = -1. Let u be ((-8)/4)/((-2)/(-3)). Is ((-6)/3 - u/v)*557 a prime number?
True
Let y(j) = -814*j - 26. Let p(m) = -m**3 - m**2 - 3*m - 4. Let s be p(0). Let o be y(s). Suppose 15*n - 5*n = o. Is n a prime number?
False
Let d(q) = 2*q**2 - 53*q + 49. Let p(a) = a**2 - 27*a + 25. Let g(x) = 3*d(x) - 5*p(x). Let u be g(9). Is (10/25)/1 + u/(-5) a prime number?
True
Let c(q) = 883*q + 1352. Is c(33) prime?
True
Let j(f) = 86*f + 21. Suppose -6 = u - 5*b + 1, -9 = -u - 3*b. Let r(o) = 85*o + 22. Let t(x) = u*r(x) - 2*j(x). Is t(25) a composite number?
False
Let d = 451917 + -99700. Is d a prime number?
True
Let j be 12934855/2875 + 4/(-50). Let x = -2262 + j. Is x a composite number?
False
Let x = -7803 + 14440. Is x prime?
True
Let n(c) = 3*c**3 + 23*c**2 - 68*c - 311. Is n(29) composite?
False
Is (-2)/25 + (16 - (-13911651)/325) prime?
True
Is 332565900/200 + 5/(-10) composite?
True
Let i(f) = -14*f**2 - 8*f - 3. Let o(u) = -16*u**2 - 8*u - 2. Let l(m) = 3*i(m) - 4*o(m). Is l(-2) prime?
True
Let k be (6 + 76782/(-15))*-30 + 6. Suppose 2*r - 48433 = -u, 5*u + r - k - 88793 = 0. Is u a composite number?
False
Let w = -52691 - -199254. Is w a composite number?
False
Suppose 4*i = 5*n - 65, -n - 4 - 2 = 3*i. Let u(g) = -2*g**2 - g + 7*g**2 - 4*g**2 + n*g**2 - 28. Is u(6) a composite number?
True
Let o(n) = -54284*n - 98. Let p be o(5). Is p/(-65) - (-1)/(-5) a prime number?
True
Suppose -10*g = g - 264945 - 86164. Is g composite?
True
Let t(u) = -27*u + 1. Suppose 9*z + 3*l = 13*z + 101, 4*l = 4*z + 100. Is t(z) prime?
False
Let z(i) = 8*i**2 - 3*i. Let a be z(1). Is 896 + -4*a/20 a prime number?
False
Let c be (-1 - -1) + (3 - (1 - 2)). Suppose -t + 2*x = -4667, 2*t + 0*x - 9334 = -c*x. Is t a composite number?
True
Suppose 174*i - 2832467 = 5389207. Is i prime?
True
Suppose 16 = -4*n + 32. Suppose 7 = n*l + 4*f + 3, -3 = -l - 3*f. Suppose -4*k = 2*v - 2360, -k + l*k = -5*v - 601. Is k composite?
True
Let a = -26 - -28. Suppose -z = 4*u - 12726, -5*u + a*z + 13850 + 2051 = 0. Is u a composite number?
False
Let h(c) be the third derivative of -30*c**2 - 1/60*c**5 - 1/24*c**4 + 1/6*c**3 + 35/3*c**6 + 0*c + 0. Is h(1) a composite number?
False
Let f(c) be the third derivative of c**6/120 - 3*c**5/20 - c**4/24 + 3*c**3/2 + 3*c**2. Let b be f(9). Suppose b = 8*s - 11*s + 369. Is s prime?
False
Let h be (-2 + 1)*(-4 - 15). Let r = 24 - h. Suppose l = -s - 3*l + 297, -5*l - r = 0. Is s a prime number?
False
Let r be (-1 + 1)/((-4)/(-2)). Let k be r + ((-702)/(-2) - 2). Let f = k + 28. Is f prime?
False
Let x be (-162)/63 + (-8)/(-14). Let d be 2710 + x*4/(-8). Suppose 0 = -3*o - 2*h + d, 4*h = 10 - 30. Is o composite?
False
Suppose 5630*n + 1401615 = 5639*n. Is n composite?
True
Let y(w) = 417*w - 12. Suppose -v - 8 = -0*v - 5*h, 3*v - 15 = 2*h. Let c be y(v). Let d = -736 + c. Is d prime?
False
Suppose 1890289 = 12*a - 3*a - 79370. Is a composite?
True
Is (21/(-12)*(-18)/(-21) + 2)*284554 a prime number?
False
Let o(g) = -6109*g**2 + 4*g + 3. Let q be o(-1). Let f = q - -14954. Suppose -11*z + f = z. Is z prime?
False
Let x be (2/(-4))/((4/(-16))/1). Let p be ((-6)/4)/(7/(-14)). Suppose -2*j = -x*o + 1848, 4*o = -p*j - 2*j + 3669. Is o prime?
False
Let z be 4 - -6*(-54)/(-4). Suppose z = 5*y - 55. Suppose -33*g + 4595 = -y*g. Is g prime?
True
Let y = 514 - 13. Suppose z = 196 + y. Is z composite?
True
Suppose 5*b - 95 = 3*g + 2*g, 39 = -g + 5*b. Let p = g + 41. Suppose -77 = -4*d + p. Is d a prime number?
False
Suppose -5*l + z + 15 = -0*z, -5*l = -3*z - 5. Suppose r + 5*s = l*r - 21, 0 = -3*r - 2*s. Suppose -r*v + 2658 = -360. Is v a prime number?
False
Suppose 399*p = 12924389 - 4101524 + 17514726. Is p a prime number?
False
Let b(o) = 21749*o**2 - 41*o + 291. Is b(8) prime?
True
Let t(o) = -427*o - 16. Let c be t(-3). Suppose -4*f - 3143 = -5*l, 2*l - 49*f = -50*f + c. Is l prime?
True
Let g = 4707 + -6843. Let o = g + 6917. Is o a composite number?
True
Let r(o) = 70*o**3 - o**2 + o + 1. Suppose 0 = 5*d - 25, -a + 5 - 1 = d. Let w be r(a). Let m = w - -204. Is m a composite number?
True
Suppose 6696 = -7*c + 3*c. Let m = c + 3391. Is m a prime number?
False
Suppose 53685 - 17095 = -10*k. Is 6/15*5 - k prime?
False
Let s = 967944 - -213769. Is s prime?
False
Let g(s) be the first derivative of -50*s**2 - 6*s - 880. Let u(n) = -n**2 - 2*n + 1. Let t be u(1). Is g(t) a composite number?
True
Suppose 0 = 5*f - 2*k - 898723, -k + 359491 = -8*f + 10*f. Is f/20 + 70/(-56) a prime number?
False
Is -23473*(-12)/((-120)/(-110)) composite?
True
Is 9629728/14 - (-1989)/1547 a composite number?
False
Suppose -6*c - 17 = -2*c - 5*z, -c = -3*z + 13. Is (-4138)/(-12) + c + (-20)/(-120) prime?
True
Suppose 6993336 + 13157707 = 31*s + 2778984. Is s composite?
True
Suppose -18 = 7*d + 164. Let f(w) = -w**3 - 25*w**2 + 17*w + 28. Is f(d) a composite number?
True
Suppose -s - 16 - 36 = 0. Let n = 52 + s. Suppose 1262 = 2*h - n*h. Is h composite?
False
Let c be 0 + 8 + (-30 - -31). Suppose -c*b + 642 = -7*b. Suppose -u + 2*q = -b, -4*u + 0*q - 2*q + 1264 = 0. Is u composite?
False
Let x(i) = 14*i + 4881. Is x(19) prime?
True
Suppose -4*r = -625 + 609. Suppose -r*q + 2*q + 9146 = 3*g, 4573 = q + 3*g. Is q a prime number?
False
Suppose 0 = -4*r + 4*y + 4, y - 4*y - 12 = 0. Let x be 4/2*(-8)/(-12)*r. Is 16497/52 + 1/x a composite number?
False
Let b = 101974 - -390445. Is b composite?
True
Suppose -p + 4546 = -4*b, -3*p - b + 8985 = -4705. Suppose 0 = 6*h - 39712 - p. Is h a composite number?
True
Let q = -25 - -112. Let o = -87 + q. Suppose o = 5*i + l - 7631, 3*l = -i + 8*l + 1547. Is i a composite number?
True
Suppose -q - 35 = -14. Let o(v) = v**3 + 22*v**2 + 22*v + 17. Let x be o(q). Is (1/3)/(x/(-7764)) a composite number?
False
Let w = -2290 - -532. Let p = -2562 - w. Let g = 1185 + p. Is g composite?
True
Suppose 0 = -5*l + 4*x - 141, 3*x = 4*l + 2*x + 104. Let q = l - -22. Is q*1*(2 + (-64)/6) a prime number?
False
Suppose 129*f - 15458270 = -41*f. Is f a prime number?
True
Let t(l) = -45*l**2 + 3*l - 17 - 39*l**2 + 83*l**2. Let f be t(8). Let v = f - -136. Is v a composite number?
False
Suppose 0 = -33*j + 368 - 71. Suppose j*v - 10*v + 1357 = 0. Is v composite?
True
Suppose -2*g = 11*v - 9*v - 4, -3*v = 2*g - 6. Let u(p) = 62*p**3 - p**2 + p + 9. Is u(v) a composite number?
False
Suppose -3*u + 8925 = 2*u. Suppo